1963 is divided by x(2)?
13
Let d = -5977 - -6051. Calculate the remainder when 247 is divided by d.
25
Suppose 0 = -18*k + 491 + 31. Calculate the remainder when 59 is divided by k.
1
Let i be 9 + 6/(-1) + -417. Let w = -393 - i. What is the remainder when w is divided by 3?
0
Let z(g) = -30*g + 2. Suppose -1764 = -446*k + 250*k. What is the remainder when z(-5) is divided by k?
8
Let p(z) = -z**2 - 21*z + 28. Suppose -4*q = 3*k + 260, q = -2*k + 5*q - 180. Let s = -7 - k. What is the remainder when s is divided by p(-21)?
25
Suppose 5*y + 11*h - 12*h = 4, 0 = 5*h - 5. Suppose -3*d - d + 808 = 0. Calculate the remainder when d is divided by 68/y*72/144.
32
Let k be (12*-1)/4 + 10. Suppose -3*c - k + 16 = 0. Suppose 14 = 3*n - 4*a + c*a, -5*n + 24 = -a. What is the remainder when 19 is divided by n?
4
Suppose -4*o + 574 + 154 = 0. Suppose o = 6*q - 34. Suppose -2*f - 5*a + 0*a + q = 0, 5*f - 90 = -4*a. What is the remainder when 34 is divided by f?
16
Suppose 0 = 5*u - 5*a, 2*u + 3*a - 5 = 10. Suppose 23 + 57 = u*j + 5*z, -z = -3*j + 92. What is the remainder when j is divided by 8?
6
Let f(w) = -w**3 + 28*w**2 + 70*w - 1045. Calculate the remainder when 743 is divided by f(29).
23
Let l = -16569 + 16876. Calculate the remainder when 979 is divided by l.
58
Suppose -4*m + o = -170 - 100, 4*o + 8 = 0. Calculate the remainder when 1512/7 - (21 - 11) is divided by m.
5
Let t = -29 + 50. Let s be (-57)/(-21) - (-6)/t. Suppose s*u - 5*w = 147, u = 4*u + w - 165. What is the remainder when u is divided by 14?
12
Let p = -135 - -138. Suppose 6*z = 3*z + 57. Calculate the remainder when (-1)/(p - (2 - 0))*-31 is divided by z.
12
Suppose 16*j - 1252 + 4 = 0. Calculate the remainder when j is divided by 41.
37
Let j(w) = 9*w**2 + 3*w - 9. Let y(l) = l + 26. Calculate the remainder when j(2) is divided by y(0).
7
Let g be -2 - -9 - (1 - -2). Suppose 0 = -c + 5*s + 74, -g*c - 113 = -6*c + 3*s. Calculate the remainder when c - (7 - 4/1) is divided by 13.
7
Let k(q) = -q**2 + 29*q - 129. Suppose -3*p + 2*p = 4. Let a(m) = -5*m - 2. Calculate the remainder when k(9) is divided by a(p).
15
Let c(i) = -58*i - 429. What is the remainder when c(-15) is divided by 3?
0
Suppose -3433 = -4*z - 3*x + 3001, -2*z = -2*x - 3196. What is the remainder when z is divided by 67?
63
Let p(q) = -q**3 - 6*q**2 - 13*q - 18. Suppose 346 - 80 = -38*x. Calculate the remainder when p(x) is divided by 25.
22
Let y = -3084 + 3251. Let q = 47 + 11. What is the remainder when y is divided by q?
51
Calculate the remainder when (-183)/(-1) + 289 + -306 is divided by 63.
40
Suppose -11*d + 9*d + 4*o + 336 = 0, 3*d - 5*o - 503 = 0. Calculate the remainder when d is divided by 25.
16
Suppose 2*h = 4*p + 28, -4*p = h + p - 21. Suppose 11*o + 3 = 14*o. What is the remainder when (0 - o)*-48 - (1 - 0) is divided by h?
15
Suppose 484*k - 1416 = 460*k. What is the remainder when k is divided by 1*-2*-1 - -4?
5
Suppose -991 = -5*z - 5*r + 209, -265 = -z + 4*r. Calculate the remainder when z is divided by 46.
15
Let x be (-104)/(-364) - (-1)/(-14)*5114. Let b = 369 + x. What is the remainder when 15 is divided by b?
3
Suppose 10*d + 3*c = 13*d - 243, -3*d - 2*c = -228. Let k be -27*(6 - 3 - 4). Let x = k + -11. Calculate the remainder when d is divided by x.
14
What is the remainder when 3820 is divided by (1 - (-6)/(-9))*-3 + 92?
89
Let s(r) = r**2 + 3*r + 2. Let c = 4853 + -4795. What is the remainder when c is divided by s(-5)?
10
Let i(p) = -115*p + 13. Suppose 4*x - 17 = -1. Suppose 0 = -x*l + 20. What is the remainder when i(0) is divided by l?
3
Suppose 0 = 4*r - 2*h - 634, 0 = 2*r + 2*h - 154 - 154. Calculate the remainder when 603 is divided by r.
132
Let r(i) = -i**2 - 9*i - 4. Suppose -69*f + 3*p = -70*f + 24, 4*f - 129 = -p. What is the remainder when f is divided by r(-8)?
1
Suppose 60 = 9*l - 6*l. Suppose -4*n = l, 0 = -2*m - 0*n - n + 453. Calculate the remainder when m is divided by 10/(-6)*3864/(-140).
45
Suppose 103*f - 62536 = -12581. What is the remainder when 988 is divided by f?
18
Let v(p) = -21*p**3 - 9*p**2 - 12*p + 2. What is the remainder when v(-2) is divided by 29?
13
Let k(x) = -9*x**2 - 872*x + 117. What is the remainder when 1834 is divided by k(-97)?
14
Let y = 6300 - 5461. Calculate the remainder when y is divided by 18.
11
Let u(q) = -q**3 - 15*q**2 + 287*q + 42. What is the remainder when 90 is divided by u(11)?
37
Suppose 3590 + 22132 = 7*y + 2*y. What is the remainder when y is divided by 110?
108
Let b(k) = -2*k**2 - 57*k + 11. Calculate the remainder when 2817 is divided by b(-26).
138
Suppose 91 = 8*o + 75. Suppose 0*z + 134 = 4*z - o*r, 4*r - 38 = -z. Calculate the remainder when z is divided by 19.
15
Suppose -3*t + 6*t = -4*t + 1435. What is the remainder when t is divided by 58?
31
Let g(x) = -2*x**2 + 32*x - 6. Let r be g(14). Suppose 47*q + k = r*q - 64, k + 18 = q. What is the remainder when 75 is divided by q?
6
Suppose 3*s = -348 + 426. Suppose -518*o = -510*o - 800. Calculate the remainder when o is divided by s.
22
Suppose 11*y - 3 - 52 = 0. Suppose 273 = -5*f - w, 3*f - y*w + 156 = -3*w. Calculate the remainder when 29 is divided by 620/36 + 12/f.
12
Let a = -36 - -70. Let t(u) = -8*u - 64. Let i be t(-8). Suppose i = -33*y + a*y - 27. Calculate the remainder when y is divided by 6.
3
Let g(d) = 3*d**2 - 4*d - 3. Suppose 11*t - 203 - 17 = 0. Suppose -3*f + 2*f = 4*r - 27, 0 = 4*r + t. Calculate the remainder when f is divided by g(-2).
13
Calculate the remainder when 2175 is divided by ((-18 - -3) + -1)*3/(-6 - 0).
7
Suppose 616 = 423*p - 412*p. Calculate the remainder when 1275 is divided by p.
43
Let s(v) = v**3 + 15*v**2 + 36*v + 4. Let k = 394 + -406. Let o(u) = 46*u**3 + u**2 + u - 1. Calculate the remainder when o(1) is divided by s(k).
3
Let n(f) = -125*f + 14. What is the remainder when 218 is divided by n(0)?
8
Suppose 719*m - 776*m = -44631. What is the remainder when m is divided by 79?
72
Suppose -505*d + 578*d - 14527 = 0. What is the remainder when 354 is divided by d?
155
Let s = -2922 + 6806. Calculate the remainder when s is divided by 48.
44
Suppose 21 = 18*j - 15*j. Let v(l) = l**3 - 5*l**2 + l - 4. Suppose 0 = -k, -4*k = -9*q + 4*q + 130. What is the remainder when v(j) is divided by q?
23
Let m be (2/4)/((-1)/162). Let u = m + 99. Suppose 0 = 22*r - u*r - 128. What is the remainder when 124 is divided by r?
28
Suppose -10*d + 6*d = -24. Let n be (-2 + 20/d)/((-4)/1002). What is the remainder when 36 is divided by (-20)/(-130) - n/26?
10
Calculate the remainder when 330 is divided by (-9)/12 + (2028/16 - 112/14).
94
Let y be (12/(-5))/(-5 + 73/15). Suppose 406 = 11*u + y*u. What is the remainder when 53 is divided by u?
11
Let d(g) = -2*g**2 - 74*g - 10. Let r be d(-33). Let b = r - 180. Calculate the remainder when 442 is divided by b.
72
What is the remainder when 599 is divided by 77/(-11) + (2 - 0 - (-3 + -23))?
11
Suppose -26*l = -23*l. Let q be 0 + 1 + 0 + l. What is the remainder when 24 is divided by (50 - 54) + (q*9 - -1)?
0
Let k = -13 + 21. Suppose z + 3*o = o + 62, 0 = -5*z - 3*o + 303. Suppose -53*a + z = -51*a. What is the remainder when a is divided by k?
6
Calculate the remainder when 1 - (-18 + 8 + -2)/(10/255) is divided by 18.
1
Let p(w) = -w**3 - 2*w**2 - 6*w - 12. Let r be p(-2). Suppose 0 = -3*i - 3*l + 156, r = 2*i + 5*l - 10*l - 132. What is the remainder when i is divided by 24?
8
Suppose 6 = -215*h + 218*h. Suppose 0 = -j + 2*a + 119, 2*a + 488 = -h*j + 6*j. What is the remainder when j is divided by 32?
27
Let r(p) = -p + 1. Let u(o) = -3*o - 8. Let j(b) = 3*r(b) + u(b). Let l(y) = -y**2 + 2*y + 2. Let d be l(-2). What is the remainder when 92 is divided by j(d)?
30
Suppose 0 = 615*c - 613*c - 106. Calculate the remainder when 788 is divided by c.
46
Calculate the remainder when 2687 is divided by 36*2*(10/8 + (-208)/(-2496)).
95
Suppose 16*m - 12*m = -3*j + 143, -2*j = -m - 88. Suppose 4*o - 4*c - 76 = 0, 2*o - c = -3*c + 34. What is the remainder when j is divided by o?
9
Let p(i) = 2*i**2 - 84*i + 914. Suppose -3*r + 4 = -14. Calculate the remainder when p(23) is divided by 2/r + (-32)/(-3).
7
Let q = -4 + 10. Let z = -8821 - -9048. What is the remainder when z is divided by q?
5
Suppose 7*